**2 + 10*w + 7. Let a be z(-6). Suppose -f = f. Suppose 2*p - 14 = -4*r, f*r = 4*r + p - a. What are the prime factors of r?
2, 3
Let d(s) = 14*s - 4. List the prime factors of d(9).
2, 61
Suppose -5*r + 48 = -o + 3*o, 72 = 3*o - 3*r. List the prime factors of o.
2, 3
Suppose 5*w - 15 = 5*z, 3*w + 16 + 10 = -2*z. What are the prime factors of 2 + -1 - (z + 2)?
2, 3
Let d(r) = r**3 - 5*r**2 - 16*r + 14. What are the prime factors of d(9)?
2, 97
Let f = 11 - 8. Let h(l) = 8 - 2*l - l**f + 2*l**3 - 6*l**2 - 5*l. What are the prime factors of h(7)?
2
Let h(s) = 4*s**2 + 3*s + 1. Suppose 5*t + 2*r = -10, -3*t = 5*r + 1 + 5. What are the prime factors of h(t)?
11
List the prime factors of 236/14 + 12/84.
17
Let w(s) = -s**3 - 4*s**2 + 4*s. Let d be w(-5). Let x = d + -1. List the prime factors of x.
2
Suppose 0 = -4*h - h + 135. Let l = 7 - h. List the prime factors of (-2)/(-10) - 196/l.
2, 5
Let g(t) = -t**3 + 2*t**2 + 4*t + 1. Let j be g(3). Let z = -4 + j. Suppose z = -n + 3 + 3. What are the prime factors of n?
2, 3
Let k = -9 + 25. What are the prime factors of k?
2
Let g(r) = 20*r - 2. What are the prime factors of g(3)?
2, 29
Suppose 4*l - y + 3 = -11, 3*l - 4*y = -17. Let f = -5 - l. List the prime factors of (-1)/1 - 10/f.
2
Let z(p) = 1 + 0 + 5*p - p. List the prime factors of z(3).
13
Let f = -169 - -291. List the prime factors of f.
2, 61
Suppose 28 = 2*m + 5*o, -3*m - 2*o = o - 24. List the prime factors of ((-2)/2)/(m/(-16)).
2
Suppose 5*j = -2*c + 4*c - 159, 2*j - 383 = -5*c. Let y = c - 54. List the prime factors of y.
23
Let a be (-6)/(-9)*15/2. Suppose -2*q - 8 = -6*q + 4*h, -a*q - 2*h = -24. Let g = q - 0. List the prime factors of g.
2
Let t be (-1)/2*24*1. Let m = -28 + 10. Let k = t - m. What are the prime factors of k?
2, 3
Let v(p) = p**3 - 12*p**2 + 19*p - 6. What are the prime factors of v(11)?
2, 41
Let k(n) = -2*n + 8. What are the prime factors of k(-5)?
2, 3
Suppose -6 - 17 = -2*d - 3*l, -l = -d - 1. Let n = d - 19. Let z = n - -28. List the prime factors of z.
13
Let p be (-1 - (-1 + -1)) + 4. Suppose 0 = -4*s + p*x + 40 - 4, -3*x = 3*s. Let v = s + 4. What are the prime factors of v?
2
Suppose 2*w + 2 = 0, 0 = 2*r - 2*w - 6 + 4. Suppose -2*l + 7*l - 60 = r. List the prime factors of l.
2, 3
Suppose 0 = -3*c + c - 2*u + 278, -4 = 4*u. Suppose -c = -z - 4*z. What are the prime factors of z?
2, 7
Let k(i) = i - 7. Let b be k(9). Suppose b*q + 51 = 5*d - 0*q, -d + 2*q + 7 = 0. What are the prime factors of d?
11
Suppose 48*x - 46*x = 266. List the prime factors of x.
7, 19
Suppose i + 0 - 10 = 0. Suppose 3*z - 4*z + i = 0. What are the prime factors of (-22 + z)/(3/(-4))?
2
Let v be (816/(-8))/(1 + -3). Suppose v = -4*i + 7*i. What are the prime factors of i?
17
Let x = 7 + -5. Let i(y) = 10 + 4*y + y**x + y + 0*y - 4*y. What are the prime factors of i(0)?
2, 5
Suppose -13*s = -12*s - 48. List the prime factors of s.
2, 3
Suppose 0 = -l + 3*h + 30, -4*h = 5*l - h - 114. Suppose 0*m - 3*m + l = 3*u, -4*m = -20. What are the prime factors of -9*((-5)/u)/5?
3
Let g = 3 - -5. Suppose 4*c = 4*p - 40, 25 = 3*c - g*c. Suppose 4*n = -p*d - 0 + 60, 4*d - 3*n - 48 = 0. List the prime factors of d.
2, 3
Let y(f) = 13*f**2 - f - 1. Let d(z) = -z - 12. Suppose 0 = 4*q - 4*s + 28, 36 = -4*q - 2*s + 4*s. Let o be d(q). What are the prime factors of y(o)?
13
Let p = -1 - -6. Let t be p/((3 - 2) + 0). List the prime factors of 1/t + (-108)/(-10).
11
Suppose 0 = -2*b + 41 + 19. List the prime factors of b.
2, 3, 5
Let d = -113 + 118. Let t = -40 + 65. Suppose 0 = d*o + u - 67, 3*o - u = 5*o - t. List the prime factors of o.
2, 7
What are the prime factors of (0 - 44)*22/(-44)?
2, 11
Let l(w) be the first derivative of -w**2/2 + 2*w - 1. Let o be l(0). Suppose 0 = -q + o + 3. What are the prime factors of q?
5
Let n = -1 + 23. List the prime factors of n.
2, 11
Suppose -1 = 4*n - 3*b - 36, -2*n + 14 = 2*b. Let k be n/5 - (-4)/10. Suppose -5*p = -4*q + 32, -3*q = q - k*p - 32. List the prime factors of q.
2
Suppose 3*t - 4*t = -23. Suppose 3*h - 73 = -3*l + t, -3*h + 92 = -l. List the prime factors of h.
31
Suppose -5*r = 5*w + 23 - 78, 0 = -w - 2. Suppose 3*p = 3*n - 15, -n + 5*n - r = 3*p. Let v = 11 + p. List the prime factors of v.
2
Suppose -6*k + 67 + 47 = 0. What are the prime factors of k?
19
Let f(j) = j**2 - j - 1. Let x be f(0). Let k = 14 + x. Let u = k + -9. List the prime factors of u.
2
Let d = -14 + 231. List the prime factors of d.
7, 31
Suppose 3*c + 12 = -0*c. Let d = c + 9. Suppose -d*m + 35 = -20. What are the prime factors of m?
11
Let y(u) be the third derivative of u**6/120 + u**5/60 - u**4/24 + u**3/2 - 5*u**2. What are the prime factors of y(3)?
2, 3
Suppose 0 = 2*p - 4*g - 566, 2*p - 2*g = -3*p + 1391. List the prime factors of p.
277
Let l(n) = n**3 + 2*n**2 - 1. Let x be l(2). Suppose -4*i + 4 = 4*u, u = 5*u - 20. Let p = i + x. What are the prime factors of p?
11
Let f(i) = -i**3 + 3*i**2 + 2*i + 3. Let k be f(3). Suppose k*u - 6*u = 81. What are the prime factors of u?
3
Suppose -12 = -3*n, -2*a + 0*n + 38 = -3*n. Suppose -5 + 0 = -3*z + 2*u, 4*u - a = -z. List the prime factors of z.
5
Let t(v) = 4 + 6*v - 5*v + 9. Let q be t(-6). Let p(s) = s**2 - 7*s + 5. What are the prime factors of p(q)?
5
Suppose 5*u = r + 18, -r + u = -u + 3. Suppose 5*p + r = 3*x, -3*x + 6*x + 4*p - 43 = 0. What are the prime factors of x/(-4)*1*-4?
3
Let z(l) = -l**2 + 4*l. Let u be z(4). What are the prime factors of 65/5 - u/(-2)?
13
Let m(v) = v**3 - 3*v - 2. Let g be m(-2). Let d be -1 - (-5 + 3) - g. Suppose c + 4*u - 1 = 0, -3*u + d*u = 5*c - 27. List the prime factors of c.
5
Let x = -11 - -124. List the prime factors of x.
113
Let d be (-14)/(-3) + 2/6. Suppose -d*n + 25 = -4*t, -4*t + 15 = n + 2*n. What are the prime factors of n?
5
What are the prime factors of 33/(-4)*(-288)/27?
2, 11
Let q = -21 + 56. What are the prime factors of q?
5, 7
Suppose 0 = 5*t, t = 3*w - t - 249. What are the prime factors of w?
83
Suppose l - 5*l - 40 = -4*p, -2*p = 2*l - 4. List the prime factors of p.
2, 3
Suppose 0 = 4*g + 2*d - 1262, 0 = -5*g + 5*d + 231 + 1384. What are the prime factors of g?
2, 3, 53
Suppose -2*z - 8 = 0, -z - z = 3*j - 28. Let t = -26 + j. What are the prime factors of ((-220)/(-77))/((-4)/t)?
2, 5
Suppose -491 = -3*j + 19. What are the prime factors of j?
2, 5, 17
Suppose 0 = -w + 3*w. Let u = w + -3. What are the prime factors of 1 + 1/(u/(-54))?
19
Let i = 119 + -73. Suppose -4*d + i = 18. List the prime factors of d.
7
Let t(a) = -a**2 + 7*a - 3. Let p be t(6). Suppose p*b - 3 + 6 = 0. What are the prime factors of b/(3/(-18)*2)?
3
Suppose -180 = -g - g - x, 4*x = 0. List the prime factors of g.
2, 3, 5
Let q = 51 + -23. Let l = q + -19. What are the prime factors of l?
3
Suppose 5*i - 120 = 800. What are the prime factors of i?
2, 23
Suppose -7*r + 539 = -966. List the prime factors of r.
5, 43
Suppose 279 = -22*j + 23*j. What are the prime factors of j?
3, 31
Let p(v) = v + 3. Suppose -5*o - 3*n + 26 = 0, 4*o + n - 14 = 2*n. List the prime factors of p(o).
7
Let v(c) = c**3 - 3*c**2 + c + 2. Let w be v(2). Suppose w = -3*b + 99 - 21. What are the prime factors of b?
2, 13
What are the prime factors of ((-9)/(-6))/(2/40)?
2, 3, 5
Suppose 0 = -2*c + x - 13, 13 = 2*c - 5*c - 5*x. Let k = 9 - c. Suppose -o - 3*o - 76 = -5*z, z - k = o. List the prime factors of z.
2
Suppose -5*f + 8 = -2, 0 = 4*i + f - 10. Let b = 5 - i. Suppose 0 = 2*y + 4, 3*g + 0*g = b*y + 27. What are the prime factors of g?
7
Let v be (3 + -11 + -2)/(-2). Suppose -h - 5*n + 2 + 21 = 0, h = v*n + 13. What are the prime factors of h?
2, 3
Let a(t) be the first derivative of 11*t**2/2 + 24*t - 2. Let h(f) = -7*f - 16. Let p(n) = -5*a(n) - 8*h(n). List the prime factors of p(-6).
2
Suppose -26 = 4*z + 2*a, -2*z + 5*a - 6 + 23 = 0. Let b(f) = f**3 + 5*f**2 - 3*f - 3. List the prime factors of b(z).
5
Let l be 474 - 1 - (-16)/8. List the prime factors of l/20 - (-1)/4.
2, 3
Let b = 12 + -10. What are the prime factors of b?
2
Let s(a) = a - 5. Suppose 3*q + 23 = 2*u + 6*q, 15 = 3*u - 2*q. What are the prime factors of s(u)?
2
Let k = 0 - -4. Suppose -k*o + o = 0. Suppose o*j - j = -9. List the prime factors of j.
3
Let s be (-18)/2*(-44)/33. List